07
What is the highest common divisor of 11356 and 250716?
68
What is the greatest common factor of 465088 and 68146?
26
Calculate the greatest common divisor of 2274 and 79257996.
2274
Calculate the greatest common divisor of 3473622 and 2844.
18
What is the greatest common divisor of 1752 and 5844234?
438
What is the greatest common factor of 1270559514 and 13524?
6762
What is the highest common factor of 21504 and 903936?
768
What is the highest common divisor of 190146 and 1014198?
258
What is the highest common factor of 977588 and 247076?
76
What is the greatest common divisor of 82744 and 992?
8
Calculate the greatest common factor of 1795 and 939270.
5
What is the greatest common divisor of 42475 and 1930250?
25
Calculate the highest common divisor of 28283476 and 741.
247
Calculate the greatest common divisor of 11833353 and 126.
63
Calculate the highest common divisor of 5052 and 14449141.
421
What is the greatest common divisor of 20387 and 29629474?
551
What is the highest common factor of 2044800 and 71580?
60
Calculate the highest common factor of 10319 and 2153029.
607
Calculate the highest common factor of 10840 and 9699090.
2710
What is the highest common divisor of 48 and 1680850752?
48
Calculate the highest common factor of 153170 and 224349.
901
What is the greatest common divisor of 693 and 135168?
33
What is the greatest common divisor of 32 and 639908704?
32
What is the greatest common factor of 58 and 20590?
58
What is the highest common factor of 368 and 1695216?
16
Calculate the highest common factor of 12996 and 10508634.
342
What is the greatest common factor of 848 and 121648?
16
What is the greatest common divisor of 109237 and 62913?
313
What is the highest common divisor of 378 and 671262822?
54
What is the highest common factor of 75598123 and 4435?
887
Calculate the highest common factor of 177946 and 555044.
922
What is the greatest common divisor of 325854 and 57276?
774
Calculate the highest common factor of 2158950 and 2590.
370
Calculate the highest common divisor of 28080 and 2692560.
3120
Calculate the highest common factor of 683360 and 625120.
160
What is the greatest common factor of 4883546587 and 2011?
2011
What is the highest common divisor of 1243152 and 153?
9
Calculate the greatest common divisor of 36 and 1299244.
4
Calculate the highest common divisor of 135 and 232800.
15
Calculate the greatest common divisor of 407868804 and 756.
756
Calculate the greatest common divisor of 405 and 5350995.
135
What is the highest common factor of 700 and 8354080?
140
Calculate the greatest common divisor of 4650064 and 4.
4
What is the greatest common divisor of 4681576 and 31772?
188
What is the highest common factor of 1244187272 and 16?
8
What is the highest common factor of 7155 and 154335735?
2385
Calculate the highest common factor of 47111249 and 94.
47
What is the highest common factor of 15632 and 684877?
977
What is the greatest common factor of 394814822 and 62?
62
Calculate the greatest common factor of 5794 and 1272872272.
5794
What is the greatest common divisor of 10131 and 1341?
3
Calculate the greatest common divisor of 788 and 1659652701.
197
Calculate the greatest common divisor of 3975719 and 38270.
89
What is the greatest common factor of 330 and 394900990?
110
Calculate the highest common divisor of 21984 and 1620.
12
What is the greatest common divisor of 512 and 60358656?
512
Calculate the greatest common divisor of 24 and 1671074640.
24
Calculate the highest common factor of 281 and 6383477.
281
What is the greatest common factor of 4269734 and 350?
14
Calculate the greatest common factor of 133 and 46376359.
19
What is the greatest common divisor of 30 and 21628890?
30
What is the greatest common divisor of 896 and 99736896?
448
Calculate the highest common divisor of 14352 and 591721.
299
Calculate the highest common factor of 34954 and 2998.
2
Calculate the greatest common divisor of 3295 and 33046873.
659
What is the greatest common divisor of 3618 and 223436826?
3618
Calculate the highest common divisor of 600 and 1599560.
40
Calculate the greatest common factor of 14776820 and 13700.
2740
Calculate the highest common factor of 70802 and 1154.
2
Calculate the greatest common divisor of 3235874 and 337.
337
What is the greatest common divisor of 38190 and 35611170?
2010
What is the greatest common divisor of 6939576 and 770?
14
What is the greatest common divisor of 927 and 22795479?
9
What is the highest common factor of 1877089433 and 2621?
2621
What is the greatest common factor of 5370307 and 29?
29
Calculate the highest common factor of 127232 and 88466.
994
Calculate the greatest common factor of 121060 and 220.
20
Calculate the highest common divisor of 44814 and 200277.
231
Calculate the greatest common divisor of 174295 and 253.
11
Calculate the greatest common divisor of 711 and 1068159.
237
Calculate the greatest common factor of 117908 and 33768.
28
Calculate the greatest common factor of 19859 and 15881526.
2837
What is the highest common factor of 34 and 155825876?
34
Calculate the greatest common divisor of 379779792 and 1176.
1176
What is the greatest common divisor of 4360 and 11710?
10
What is the highest common factor of 919 and 6551551?
919
What is the highest common divisor of 30 and 79225910?
10
Calculate the highest common factor of 20875674 and 414.
138
What is the highest common factor of 50594017 and 16948?
4237
What is the highest common factor of 384721 and 207?
23
Calculate the highest common factor of 6181530 and 6030.
30
What is the highest common divisor of 181740 and 74100?
780
Calculate the highest common divisor of 26 and 93486887.
13
Calculate the greatest common factor of 10626 and 1732314.
138
What is the greatest common divisor of 4766083 and 322?
161
What is the greatest common factor of 863080 and 60?
20
What is the highest common divisor of 143232 and 5253332?
1492
Calculate the highest common factor of 3371886 and 2646.
882
What is the highest common divisor of 4326 and 81715256?
1442
Calculate the highest common factor of 1203 and 411132067.
401
What is the highest common divisor of 1612 and 319529834?
806
What is the greatest common divisor of 6336 and 247716864?
576
Calculate the greatest common factor of 160061 and 13651.
11
Calculate the highest common divisor of 14187 and 18.
3
What is the highest common divisor of 562195 and 393880?
1145
Calculate the greatest common factor of 631617 and 60249.
399
Calculate the greatest common factor of 61372305 and 7698.
3849
What is the highest common divisor of 943563656 and 2620?
524
Calculate the greatest common factor of 904557 and 738078.
633
Calculate the greatest common factor of 19314 and 46796749.
1073
Calculate the highest common factor of 1952592 and 114.
114
What is the highest common factor of 9046989 and 90139?
1141
Calculate the highest common divisor of 2597725288 and 43.
43
Calculate the highest common factor of 1966 and 335627656.
1966
Calculate the greatest common factor of 603978785 and 565.
565
What is the highest common factor of 132 and 91233516?
132
Calculate the greatest common divisor of 952394 and 4189.
71
What is the highest common factor of 6845 and 13135?
185
What is the highest common divisor of 8514 and 51045300?
774
What is the greatest common factor of 27695 and 835?
5
Calculate the highest common factor of 2394 and 1312976.
266
Calculate the greatest common divisor of 1360 and 8307645.
85
What is the highest common divisor of 635252707 and 19?
19
What is the greatest common factor of 20 and 2803820?
20
Calculate the greatest common divisor of 5317950 and 9375.
75
What is the greatest common divisor of 330 and 3065010?
30
What is the highest common divisor of 56 and 773346?
14
What is the highest common factor of 3773 and 10492860?
49
What is the greatest common divisor of 4406 and 290403866?
4406
What is the greatest common factor of 17760692 and 138?
46
Calculate the highest common divisor of 950 and 645392950.
950
What is the highest common divisor of 60621 and 5681841?
5511
Calculate the highest common factor of 4554616 and 13651.
803
What is the highest common divisor of 9840 and 344589420?
2460
What is the greatest common divisor of 512 and 1025382